e factors of a?
3, 13
Let b = -43 + 70. What are the prime factors of b?
3
Suppose o + o = d - 12, -30 = 5*o - 3*d. Let k = o - -3. List the prime factors of (5 - (-3 - k)) + -2.
3
Let n = -74 - -135. List the prime factors of n.
61
What are the prime factors of (1/2)/((-7)/(-4410)*5)?
3, 7
Suppose 3*s + 2*w - 10 = 0, 2*s + 12 = 4*s + 4*w. Suppose -i - 11 = -s*i. List the prime factors of i.
11
Let a be 4/18 - (-236)/(-9). Let c = -16 - a. List the prime factors of c.
2, 5
Suppose 3*i - 14 = i. Let n(x) = 3*x - 7 - 3 + 7*x - x**2. What are the prime factors of n(i)?
11
Let g = 4 + -2. Suppose 0 = b + g - 0. What are the prime factors of b/2 - -7*1?
2, 3
Suppose 3*p = 4*h - 3*h - 10, -47 = -4*h + 5*p. List the prime factors of (-12)/(-14)*(8 + h).
2, 3
Let t be 4/10*10/4. Let s be -2*2/(-4)*-2. What are the prime factors of (s/t)/(1/(-5))?
2, 5
Let r(k) = k**2 - 6*k - 1. Let j be r(7). Let h(x) = x + x**3 - j*x**2 + x + 4*x. List the prime factors of h(5).
5
Let b(f) = 7*f - 2. Let r be b(3). Let l = r - 8. Let c = 21 - l. What are the prime factors of c?
2, 5
Suppose 0 = -k - 4*k + 5. Let a(g) = 7*g - 1. Let c be a(k). What are the prime factors of (-2)/6 - (-68)/c?
11
Let d = 18 - 8. Let u be (-18)/(-30) - (-44)/d. Suppose -5*i + 40 = u*w, -3*i + 13 = 2*w - 3. What are the prime factors of w?
2
Let c(a) = -7*a - 25. List the prime factors of c(-5).
2, 5
Suppose -3*t = -i + 21, -5*t + 2*t + 87 = 2*i. List the prime factors of i.
2, 3
Suppose 8*x - 1168 = -0*x. What are the prime factors of x?
2, 73
Suppose -5*j + c + 411 = 37, 3*j = 2*c + 230. What are the prime factors of j?
2, 37
Suppose -5*x = -119 - 256. What are the prime factors of x?
3, 5
Let n(g) = 2*g**3 + g**2 + 2. List the prime factors of n(2).
2, 11
Suppose -4*g + 10 = g. Let z(n) = 2*n**2 - 2*n. List the prime factors of z(g).
2
Let d = -194 + 369. What are the prime factors of d?
5, 7
Let z(h) = 2*h - 9. Let w be z(7). Suppose -c - w = -13. What are the prime factors of c?
2
Suppose j - 3*j + 11 = 3*y, 2*y + 3*j = -1. List the prime factors of y.
7
Suppose 0 = -4*p - p - 5, 13 = 3*j - 4*p. Suppose -j*k + 25 = 5*v, -3*v + 2*k + 26 = 6*k. List the prime factors of v.
2
Let j(n) = -n**3 + 12. Let c be j(0). Suppose -5*p + 3 = -c. Suppose p + 11 = 2*l. What are the prime factors of l?
7
Let s(c) = c**2 + 5*c - 2. Let j be s(-6). Suppose j*l - 3*l = 2, -4*l = -3*v + 19. Suppose v = -2*r + 3*r. List the prime factors of r.
3
Suppose 0*c + 2*f - 14 = -2*c, -c + 12 = 2*f. Suppose 0 = 5*g - c*n - 22, 5*g = -2*n - 0*n + 18. Suppose -2 = w - g. What are the prime factors of w?
2
Suppose -4*y + y = -12. Suppose -12 - y = -4*f. Suppose -2*p + 8 + 8 = f*k, 14 = 2*k - 2*p. What are the prime factors of k?
5
Suppose -87 = -2*r - 7. Let o = r - 18. List the prime factors of o.
2, 11
Let b(g) = g**2 + 3*g - 3 + 3*g + 4. Let t(j) = -2*j**2 - 7*j - 1. Let z(i) = -6*b(i) - 5*t(i). What are the prime factors of z(-1)?
2
Let h(t) = -t**2 - 5*t + 1. Let j be h(-4). Suppose -2*v - 3*m + j = 2*m, -5*m = 5. What are the prime factors of v?
5
Let v(m) = -m**3 + 7*m**2 + m - 3. Let c be v(7). Let d(s) = 6*s - 4. Let a be d(c). Suppose -3*g - g = -a. What are the prime factors of g?
5
Suppose 0 = q + 3*q - 48. What are the prime factors of q?
2, 3
Let k be 33/7 + (-10)/(-35). Suppose -3*h + k = -16. List the prime factors of h.
7
Let c be (-6)/(2 + 0) + 6. Suppose c*g + 49 + 4 = -4*k, -5*k + 5*g = 75. Let h = 24 + k. What are the prime factors of h?
2, 5
Let y be ((-4)/10)/(1/5). Let t(h) = -h**3. What are the prime factors of t(y)?
2
Suppose 0 = -4*j + 3*j + 36. List the prime factors of j.
2, 3
Let v = -2 + 5. Let q = v - -16. Suppose -3*g - 4 = -q. What are the prime factors of g?
5
Suppose -5*b + 510 = 5*p, p + 37 = b - 61. Suppose -b = -0*k - 4*k. What are the prime factors of k?
5
Suppose 2*a - 92 = 4*o - 22, -a - 3*o = -40. What are the prime factors of a?
37
Suppose 10*t - 12 = 7*t. What are the prime factors of ((-2)/(-8))/(t/208)?
13
Suppose -r - 4*t = -18, 2*t - 10 + 4 = 0. Suppose 23 = q + 2*u, 4*q + 3*u = -0*u + 102. Suppose 0 = r*f - 3*f - q. What are the prime factors of f?
3
Suppose 5 = -3*r + 23. Let z = r - 3. List the prime factors of z.
3
Let m(b) = 6*b + 8. List the prime factors of m(4).
2
Let h(n) = -n**2 + 13*n - 6. List the prime factors of h(6).
2, 3
Let t = 1 - -4. Let o = t - 6. Let x = o - -5. List the prime factors of x.
2
Let p be -1 - -6*(-3)/(-6). Suppose 0 = 2*o + p*o - 40. What are the prime factors of o?
2, 5
Let f = 28 + -23. List the prime factors of (-2 + 8/f)*-50.
2, 5
Suppose -5*n + n = 0. Suppose 2*f + 0*f - 10 = n. What are the prime factors of f?
5
Suppose -2*f + 148 = -88. List the prime factors of f.
2, 59
Suppose 2*q + 1 = -3. Let b be q/(2/(-3) + 0). Suppose 3*u = -b*l + 57, -2*u + 23 = -0*u - l. What are the prime factors of u?
2, 7
Let f = -13 + 9. What are the prime factors of f - -6 - (-1 + 1)?
2
Suppose 4*f + i = 1005, 3*f - f + 3*i - 495 = 0. Suppose 4*z - f + 40 = 0. What are the prime factors of z?
53
Suppose -4*i = -0*i - 12. Suppose -i*f = -4 - 2. What are the prime factors of f?
2
Suppose 15*n - 22 = 14*n. List the prime factors of n.
2, 11
Suppose 7*m = 3*m - 32. Let i be (2 + m)/3*-1. Suppose -4*u + 2*x - 6*x + 20 = 0, -4*x = u - i. List the prime factors of u.
2, 3
What are the prime factors of (-90)/(-3) + 7 + -3?
2, 17
Suppose -p + 0*p = -3. Suppose 4*l + p*c = -2*c + 21, -4*c = 12. Let h = 26 - l. What are the prime factors of h?
17
Suppose 0 = 5*x - 4*y - 209, -x + 3*x = 4*y + 86. Let d = -29 + x. What are the prime factors of d?
2, 3
Let u(k) be the first derivative of k**2 - 4. What are the prime factors of u(8)?
2
Let o(i) be the first derivative of -i**2/2 - 5*i + 1. Let z be o(-4). Let j(n) = 3*n**2 + 2*n + 1. What are the prime factors of j(z)?
2
Suppose -3*c + 4*c - 105 = 5*p, -65 = -c - 3*p. Suppose -5*r + c = 15. What are the prime factors of r?
13
Let r(j) = -j**3 - 15*j**2 - 2*j - 1. Let v be r(-15). Let y = v + -9. What are the prime factors of y?
2, 5
List the prime factors of (-1728)/(-10) + 23/115.
173
Suppose -2*b + 33 = -b. Let w = b + -7. List the prime factors of w.
2, 13
Let b be 3/9 - (-1)/(-3). Let f be 2 + -1 + (-1 - -3). Suppose -6 = -b*o - f*o. What are the prime factors of o?
2
Let b(l) = -102*l**3 + 1. List the prime factors of b(-1).
103
Let r = -2 - 7. Let n = -5 - r. List the prime factors of n.
2
Let d(k) = -8*k + 16. What are the prime factors of d(-3)?
2, 5
Let l = 60 - 36. Let y = 8 + 7. Let o = l - y. What are the prime factors of o?
3
Let b(r) = 2*r**2 + 4*r + 2. Let s be 1 - 0 - (-6)/(-2). List the prime factors of b(s).
2
Suppose 4 = -t + 6. Suppose 10 = 2*y - 4*i - 0*i, -t*y + 3 = 3*i. Suppose 0 = u + y, 4*z - 2*u - 13 = 41. List the prime factors of z.
2, 3
Let n be (-4 + 2)*1/(-2). Let f be (4/2*1)/n. Suppose 0 = -2*g + f + 2. What are the prime factors of g?
2
Suppose -30 = -5*w - 3*x, -3*x + 17 = -w + x. Suppose j = -w*j + 8. What are the prime factors of j?
2
Let x(h) = h + 8. Suppose -3*s + 19 = -7*s - 3*q, 0 = 4*s + 2*q + 18. List the prime factors of x(s).
2
Let w(r) = -r**2 + 28*r - 19. What are the prime factors of w(23)?
2, 3
Suppose -4*f + 42 - 8 = 2*p, 2 = p - f. Suppose 0 = 3*o - p*o + 36. Let z = 15 - o. What are the prime factors of z?
2, 3
Suppose -2 = 5*a + 8. Let l be 3 + (-1 - a)/(-1). Suppose 0*k = l*k - 10. What are the prime factors of k?
5
Let m(f) = 8*f**3 - 2*f**2 + 2*f + 2. List the prime factors of m(2).
2, 31
Let q be ((6 + 2)*2)/2. List the prime factors of 6/8 - (-10)/q.
2
Let h(q) = -q**2 - 2*q - 5. Let d be h(-5). Let y be (d/6)/(8/(-12)). Suppose 4*b - 44 = -4*s, -5*s = y*b - 4*s - 47. What are the prime factors of b?
3
Let v be 2/(-4) - (-1)/2. Let p(w) = w**3 - w**2 + w - 12. Let a be p(v). Let n = a + 23. What are the prime factors of n?
11
Suppose -2*t - t - 6 = 0. Let c = 10 + -15. Let p = t - c. List the prime factors of p.
3
Let t(k) = -12*k**2 - 1 - 5 - 12*k + 13*k**2 - 2. What are the prime factors of t(16)?
2, 7
Let j(z) be the second derivative of z**4/12 + z**3/6 - z**2 + 4*z. What are the prime factors of j(-5)?
2, 3
Let p = -16 - -25. Suppose 3 = 5*h - 2, 0 = -4*q - 5*h - 19. Let x = p + q. List the prime factors of x.
3
Suppose 330 = 6*g - g. Suppose -